-4 - 2 - (6 - (-1 + 8))
-5
Evaluate 0 + -1 + 24 + -22.
1
3 + (3 - (3 + -2) - 1)
4
Evaluate -5 + -10 + 28 - 15.
-2
What is 3 - (2 - -1 - 4)?
4
What is -2 + (-7 + -6 - -4) + 5?
-6
Evaluate 8 + (3 - (0 + 5)) + -10.
-4
Evaluate 3 - (3 + 0 + -3 + 0).
3
Calculate (-8 - (6 + -22)) + 1.
9
What is the value of (-3 - (-3 - 3)) + (2 - 2)?
3
What is 1 + 2 + 10 + -24?
-11
-3 + -3 + 7 + -3 - 1
-3
-3 + -3 + 0 + 11
5
What is the value of -3 + 3 + -4 + (-2 - -1)?
-5
-4 - -6 - 3 - (0 + 0)
-1
Calculate 1 + 1 + -2 - 1 - -1.
0
Calculate (1 - 1) + (2 + -4 - -6).
4
(-9 - (-12 + 8)) + (10 - -1)
6
What is (6 - 10) + 3 + 5?
4
What is -1 - -1 - (-2 - -3 - -1)?
-2
Calculate -16 + 20 + -19 + 10.
-5
4 - (-5 + 3 + 6 + -3)
3
What is the value of 2 + 1 + -9 + 2 - -2?
-2
What is -16 - -12 - (0 - (0 + 1))?
-3
What is the value of -28 + 30 + -1 + 1?
2
Evaluate -7 + -5 + 12 + -3 - -4.
1
What is 7 + (6 - 20) + 4 + -1?
-4
4 - (4 + 0) - -5 - 1
4
Evaluate 2 + -2 - -3 - 2 - 1.
0
What is -2 - -2 - (-1 - (-4 + 2))?
-1
1 + 5 + (0 - -2 - 4)
4
Calculate -19 - -27 - (7 + -1).
2
What is 4 - (3 + -6 + 0 + 8)?
-1
What is (4 - 6) + 3 + 1?
2
Evaluate 4 + -23 + (22 - 11).
-8
-5 + -4 + (10 - 3)
-2
Calculate -4 - ((-3 - 1) + 4).
-4
Evaluate -8 + 0 + 5 + -2.
-5
What is 0 + (-3 - -8 - 7)?
-2
What is -2 + 1 + 0 - (-21 + 20)?
0
Calculate -1 + 2 + 2 + -4.
-1
What is 2 + 1 + -3 + (-3 - -4)?
1
What is the value of -2 + (1 - (-3 + 2)) - 1?
-1
Calculate -2 - (-1 + -1 - (-7 - -3)).
-4
17 - 30 - (0 + -10)
-3
-2 + (1 - 1) - (13 - 12)
-3
Evaluate -3 - (7 - 5) - (0 - 6).
1
8 + (1 - 4) - 4
1
-1 - 1 - (-5 - (-2 - 7))
-6
What is the value of -6 + (8 - (-2 + 10))?
-6
What is the value of (-4 + 5 + -1 - 5) + 5?
0
What is 3 - 0 - -1 - (37 + -38)?
5
Calculate 0 - -3 - (3 + -3 + -2).
5
What is the value of -11 + (7 - ((8 - 8) + 5))?
-9
Calculate 4 + -1 - (2 + 7).
-6
-5 + 2 + -11 + 6 + 3
-5
What is the value of 2 - (1 + 2) - -5?
4
What is 11 + -5 + -2 - 7?
-3
What is -9 + 10 + (-5 - 5)?
-9
Evaluate -6 - -5 - ((-3 - -7) + -15).
10
Evaluate 9 + -22 + 18 - (-2 + 7).
0
(22 - 20 - (5 + -1)) + 5
3
Evaluate 3 + (2 - (1 + 0)) - 6.
-2
Calculate 3 + (-1 - 3) + (-2 - -6).
3
Evaluate -2 - -15 - (48 - 34).
-1
Calculate (-6 - (-6 + 2)) + 4.
2
What is the value of -2 - (-4 + -2 + 0)?
4
Calculate 0 + 1 - -2 - (-2 - 0).
5
What is the value of (3 - -1) + -22 + 11 + 3?
-4
What is the value of (-4 - (6 - 4)) + (-2 - -13)?
5
Evaluate -5 + 1 + 4 + -5.
-5
What is the value of (2 + -3 - -1) + 5 - 7?
-2
What is 1 - -1 - (-2 - (-9 - -2))?
-3
Calculate 6 - 4 - (-5 + 11).
-4
Calculate ((3 - -3) + -7 - -6) + -10.
-5
What is the value of 5 + -3 + 0 + 6?
8
-5 - (-4 - (-4 + 3)) - -4
2
Calculate 8 - (3 + (0 - 4)).
9
Calculate 2 + 0 + -5 + (-8 - -8).
-3
-29 - -29 - (0 + -3)
3
What is the value of -4 + -7 - -8 - 1?
-4
What is the value of (-8 + -1 - 0) + 156 + -153?
-6
What is 17 - 15 - (2 + 2) - -5?
3
Evaluate 10 - 4 - (4 + (-4 - -1)).
5
What is the value of 2 + (-1 - 2) - (-3 + -2)?
4
What is the value of 0 - (-6 - (3 - 4))?
5
What is 3 - (-10 + 5 + 3) - 2?
3
Evaluate (-9 - 7 - -14) + -3.
-5
What is the value of 1 + (1 - -2) - 5?
-1
Evaluate -8 + 1 - (8 + -14).
-1
What is the value of -9 - (-8 - -2 - 0)?
-3
What is the value of (3 + 0 - 3) + 3 - 1?
2
What is the value of 4 + -2 - (-1 + (5 - -1))?
-3
1 - ((1 - 0) + -2)
2
Evaluate 5 - 1 - (-12 - (4 + -10)).
10
1 + 0 + (-5 - -4)
0
-1 + -4 + (-2 - -2)
-5
What is -2 - (0 + -2 - -1)?
-1
Calculate (-2 - -1 - -6) + (-8 - -5).
2
What is the value of (0 - (-2 + 2)) + -4 + 0?
-4
Calculate (-1 - 0) + 1 + (86 - 89).
-3
Evaluate (9 - (9 + 7)) + 5.
-2
What is (4 - (-5 + 9)) + -3?
-3
What is the value of 1 + -7 + 8 + -6?
-4
What is -1 + 1 + 35 + -40?
-5
What is -1 + (2 - -1) + (-4 - -1)?
-1
What is 1 - 1 - (0 - 1 - -3)?
-2
What is 0 - -1 - (-15 + 11 + 4)?
1
Evaluate -11 + 6 + 7 + 1 + 0.
3
Calculate 0 - 4 - (2 + -1).
-5
(1 + 8 - (58 - 57)) + -1
7
-2 + (5 - 1) - (-3 + 8)
-3
Evaluate 2 - (1 + 0 + -3 + -1).
5
Evaluate -7 + 1 - (-12 - (3 - 8)).
1
What is the value of 5 + (2 - (3 - 1)) - 1?
4
Evaluate (2 - 4) + 6 + 1.
5
-11 + (7 - 10) - (-8 - -1)
-7
What is the value of -95 + 92 + 8 + 1?
6
What is the value of 3 + -2 + -3 + 0?
-2
Evaluate 0 - (30 + -24 - (0 - -5)).
-1
Calculate (0 - (5 + -6)) + -1.
0
Evaluate 1 + 2 + 0 - (-8 + 12).
-1
-5 - (3 + 3 + -3 - 9)
1
Evaluate 2 - 7 - -8 - (-1 + 3).
1
Evaluate -1 + 0 + -16 + 29 + -13.
-1
Calculate 0 + 3 - (-14 + -9 + 23).
3
Calculate -1 + 1 - (-8 + 7 + -2).
3
(0 - 2) + 8 + -11 + 2
-3
What is -4 + (-3 - (1 - 8))?
0
What is -4 + (1 - -7) - -2?
6
11 + -9 + (-1 - -2)
3
What is -6 - ((-1 + -1 - -2) + -3)?
-3
Calculate -10 + 7 + 10 + -3.
4
What is the value of (2 - 3) + 1 + 7 + -2?
5
-1 + (1 + 3 - 6) - 2
-5
What is the value of (-1 - 1) + (-8 - (-2 - 7))?
-1
Calculate -4 + (3 - -1) + (-4 - -9).
5
What is the value of -5 - (-1 + 0) - 3?
-7
Evaluate (-7 - -3) + -3 + (1 - 0).
-6
Evaluate 50 - 59 - (-1 - 6).
-2
Calculate 4 + -3 + (-6 - (1 - 3)).
-3
Calculate (-6 - (-12 - -6)) + 6 - 8.
-2
(3 - -3) + (2 - (4 + -5))
9
10 - (-4 + (12 - 2))
4
What is 5 - (6 - (0 + 3))?
2
What is the value of -1 - (11 - 5) - -3?
-4
What is the value of (3 - 9 - -2) + 21 + -14?
3
Evaluate 12 + 2 + -2 + -11.
1
What is 0 + (-2 - (-6 - -2)) + 2?
4
What is the value of (4 - 14) + (2 - -9)?
1
Evaluate -15 - (12 + -34) - (8 + -1).
0
Calculate 5 + -1 + -11 + 4.
-3
What is -4 - (-1 + (1 - 0))?
-4
Calculate 5 - (2 - (-8 - -4)).
-1
(2 + 3 - 3) + -1 + -1
0
(-5 - -4 - -3) + (1 - 2)
1
Evaluate 4 - (8 - (-5 - 0)).
-9
What is the value of 1 - (-1 - (-1 - -2))?
3
Calculate -2 + (12 - (2 - -4) - -3).
7
What is -2 - 0 - (21 + -25)?
2
Evaluate 9 + -3 + -6 - -5.
5
Evaluate (10 + -17 - -9) + -8.
-6
Calculate (6 - (2 - -10)) + 8 - -1.
3
Evaluate -6 - (4 + 0 + -7).
-3
Calculate -11 + 2 + 12 + 0 + -7.
-4
What is the value of 0 + 1 + -5 + 6?
2
Calculate (-3 - -6) + 2 + -11.
-6
(-4 - -14) + -9 - -5
6
Evaluate 13 + -17 - (3 + -2).
-5
-6 - (-4 + 4) - -8 - -2
4
Evaluate (1 - -1 - (3 + -1)) + 1.
1
What is 3 - (1 - -3) - 4 - -13?
8
2 - (0 - -6) - -6
2
What is the value of 4 + -1 - (20 - 9 - 7)?
-1
What is 0 + (-3 - -5 - (2 + -1))?
1
What is the value of 2 - ((-1 - 0) + (-13 - -16))?
0
What is 5 - ((-1 - -6) + (3 - 2))?
-1
What is the value of -2 + 0 - (6 + (2 - 4))?
-6
What is (-6 - -4) + 3 - (4 - 3)?
0
What is the value of (-6 - (-3 - 1)) + -5 - 1?
-8
What is the value of -2 + 3 + (1 - 2) + 1?
1
What is the value of -5 + 1 + 5 + 0?
1
Evaluate 3 + -5 + 0 - 1.
-3
Evaluate (0 - (-5 + (-3 - -6))) + -2.
0
What is -1 + -1 - 0 - (-1 + 3)?
-4
What is 5 + 2 + 29 + -30?
6
Calculate 37 + -40 - (-7 + 1).
3
Evaluate 6 - (-6 - -12 - 2).
2
What is (-3 - -4) + 3 - (-3 + 3)?
4
Evaluate (18 - 20) + 2 + 1 + -4.
-3
8 - 2 - ((2 - 3) + 6)
1
Evaluate -1 + -2 + -1 + (14 - 11).
-1
Evaluate 10 + (-9 - (-6 + 16)).
-9
4 + (-11 - (2 - (4 - 2)))
-7
Evaluate -1 + (3 - (3 - 4)) + -1.
2
Evaluate -6 - 1 - (-2 + -1).
-4
Evaluate 0 + 7 + -4 + 12 + -13.
2
What is -4 - ((7 - 14) + 11)?
-8
What is the value of -23 + 5 - -7 - -8?
-3
Evaluate -2 - (-5 - (1 - -2)).
6
What is the value of 2 + 1 - (4 + -5)?
4
0 - (-1 + (2 - 5))
4
4 + 8 + -2 + -11 + 6
5
Evaluate -8 - (8 - (9 - -6)) - -5.
4
Evaluate 4 + (-1 + 5 - 3 - 2).
3
What is -8 - 0 - -3 - -3?
-2
-10 + (-14 + 9 - -13)
-2
What is the value of (-1 - -1) + -1 - (0 - -3)?
-4
What is the value of (4 - (0 - -1)) + (-4 - -2)?
1
What is -3 + 9 + 0 + 9 + -11?
4
-4 - (8 + -9 - (1 + 8))
6
What is the value of 4 + -2 + (-2 - 1)?
-1
Evaluate -7 + (9 - 1) + 2.
3
Calculate 1 + (-3 + 6 - -1).
5
What is -8 + 1 + 11 - -4?
8
What is the value of -9 + 1 + (-15 - (17 + -35))?
-5
What is the value of 4 - (11 + (4 - 9))?
-2
What is (-3 - -15) + (2 - 1) + -6?
7
What is the value of (-6 - -16) + -9 + 1?
2
Calculate -5 - (-4 + 5) - (-13 + 11).
-4
Calculate 12 + 3 - 0 - (16 + -10).
9
What is 0 + -1 - (6 + 3) - -6?
-4
Evaluate (-2 - -5) + 0 - (-5 - -9).
-1
Evaluate 11 + (2 - 18) - -12.
7
What is the value of -9 + (9 - 2) + 2?
0
Evaluate (-1 - 8) + (-68 - -73).
-4
Calculate -7 + (31 - 13 - 2).
9
(2 - (10 + -8)) + -3
-3
5 + (-17 - -4) + 9
1
What is -1 + -2 + 4 + -2?
-1
What is the value of (1 - -7) + -4 + -1 + 1?
4
Evaluate (6 - 2) + (-2 + -1 - -1).
2
Evaluate (0 - -6) + 3 + -8 + 2.
3
What is the value of 3 + (-3 - (5 - 2)) + 4?
1
4 + -3 + -6 + 10
5
Evaluate (-9